{"id":16,"date":"2013-05-02T11:36:23","date_gmt":"2013-05-02T11:36:23","guid":{"rendered":"http:\/\/emilio-gonzalez.com\/?page_id=16"},"modified":"2020-06-01T11:03:44","modified_gmt":"2020-06-01T11:03:44","slug":"biografia","status":"publish","type":"page","link":"http:\/\/emilio-gonzalez.com\/?page_id=16","title":{"rendered":"DIRECTOR Y GUIONISTA."},"content":{"rendered":"\n<p>En la actualidad colabora en radio como guionista y c\u00f3mico en varios programas de <strong>RNE y Radio Internacional. Director<\/strong> y guionista de los cortometrajes <strong>\u201cEsto no es una comedia rom\u00e1ntica y El resultado\u201d<\/strong> Estos cortometrajes fueron finalistas en m\u00e1s de 30 festivales, entre lo que se encuentran Los premios <strong>Pavez, Festival de Tarazona o Fescigu.<\/strong> En el <strong>mundo de la m\u00fasica <\/strong>ha dirigido dos videoclips para el cantante de <strong>Operaci\u00f3n Triunfo Mario Mart\u00ednez<\/strong>. Ha trabajado como<strong> creativo publicitario<\/strong> en la empresa <strong>Markentingvivo,<\/strong> Guionista en varios proyectos televisivos. Creador y escritor de la serie de ficci\u00f3n <strong>\u201cPostureo<\/strong>\u201d dirigida por <strong>Catxo Lopez (Los ministerios del Tiempo, Malaka y Temporal) y producida por Jos\u00e9 \u00c1ngel Ma\u00f1as (Historias del Kronen, Mensaka)<\/strong><\/p>\n\n\n\n<p>Cortometraje: <b>ESTO NO ES UNA COMEDIA ROM\u00c1NTICA<\/b> con<strong> Jon ARIAS Y Mariam TORRES. <\/strong><\/p>\n\n\n\n<figure class=\"wp-block-embed-youtube wp-block-embed is-type-video is-provider-youtube wp-embed-aspect-16-9 wp-has-aspect-ratio\"><div class=\"wp-block-embed__wrapper\">\n<iframe loading=\"lazy\" title=\"Esto NO es una comedia Rom\u00e1ntica.\" width=\"500\" height=\"281\" src=\"https:\/\/www.youtube.com\/embed\/5N1EcRuDGrM?feature=oembed\" frameborder=\"0\" allow=\"accelerometer; autoplay; clipboard-write; encrypted-media; gyroscope; picture-in-picture; web-share\" referrerpolicy=\"strict-origin-when-cross-origin\" allowfullscreen><\/iframe>\n<\/div><\/figure>\n\n\n\n<p>Cortometraje:<strong> EL RESULTADO<\/strong> con <strong>Mariam TORRES y Pedro GALLEGO.<\/strong><\/p>\n\n\n\n<figure class=\"wp-block-embed-youtube wp-block-embed is-type-video is-provider-youtube wp-embed-aspect-16-9 wp-has-aspect-ratio\"><div class=\"wp-block-embed__wrapper\">\n<iframe loading=\"lazy\" title=\"EL RESULTADO\" width=\"500\" height=\"281\" src=\"https:\/\/www.youtube.com\/embed\/72ja5uAwN8s?feature=oembed\" frameborder=\"0\" allow=\"accelerometer; autoplay; clipboard-write; encrypted-media; gyroscope; picture-in-picture; web-share\" referrerpolicy=\"strict-origin-when-cross-origin\" allowfullscreen><\/iframe>\n<\/div><\/figure>\n\n\n\n<p>Videoclip: <strong>NO S\u00c9 QU\u00c9 NECESITO. <\/strong>Mario Mart\u00ednez.<\/p>\n\n\n\n<figure class=\"wp-block-embed-youtube wp-block-embed is-type-video is-provider-youtube wp-embed-aspect-16-9 wp-has-aspect-ratio\"><div class=\"wp-block-embed__wrapper\">\n<iframe loading=\"lazy\" title=\"No se\u0301 qu\u00e9 necesito - Mario Mart\u00ednez\" width=\"500\" height=\"281\" src=\"https:\/\/www.youtube.com\/embed\/ngzcAMv5b0Q?feature=oembed\" frameborder=\"0\" allow=\"accelerometer; autoplay; clipboard-write; encrypted-media; gyroscope; picture-in-picture; web-share\" referrerpolicy=\"strict-origin-when-cross-origin\" allowfullscreen><\/iframe>\n<\/div><\/figure>\n\n\n\n<p>Videoclip: <strong>PARA ILUMINAR LA NOCHE.<\/strong> Mario Mart\u00ednez. <\/p>\n\n\n\n<figure class=\"wp-block-embed-youtube wp-block-embed is-type-video is-provider-youtube wp-embed-aspect-16-9 wp-has-aspect-ratio\"><div class=\"wp-block-embed__wrapper\">\n<iframe loading=\"lazy\" title=\"Para iluminar la noche - Mario Mart\u00ednez (Video en Directo)\" width=\"500\" height=\"281\" src=\"https:\/\/www.youtube.com\/embed\/pt6iGE467lc?feature=oembed\" frameborder=\"0\" allow=\"accelerometer; autoplay; clipboard-write; encrypted-media; gyroscope; picture-in-picture; web-share\" referrerpolicy=\"strict-origin-when-cross-origin\" allowfullscreen><\/iframe>\n<\/div><\/figure>\n","protected":false},"excerpt":{"rendered":"<p>En la actualidad colabora en radio como guionista y c\u00f3mico en varios programas de RNE y Radio Internacional. Director y guionista de los cortometrajes \u201cEsto no es una comedia rom\u00e1ntica y El resultado\u201d Estos cortometrajes fueron finalistas en m\u00e1s de 30 festivales, entre lo que se encuentran Los premios Pavez, Festival de Tarazona o Fescigu. En el mundo de la m\u00fasica ha dirigido dos videoclips para el cantante de Operaci\u00f3n Triunfo Mario Mart\u00ednez. Ha trabajado como creativo publicitario en la empresa Markentingvivo, Guionista en varios proyectos televisivos. Creador y escritor de la serie de ficci\u00f3n \u201cPostureo\u201d dirigida por Catxo Lopez (Los ministerios del Tiempo, Malaka y Temporal) y producida por&#8230;<\/p>\n","protected":false},"author":1,"featured_media":0,"parent":0,"menu_order":0,"comment_status":"open","ping_status":"open","template":"templates\/template-fullwidth.php","meta":{"footnotes":""},"class_list":["post-16","page","type-page","status-publish","hentry"],"_links":{"self":[{"href":"http:\/\/emilio-gonzalez.com\/index.php?rest_route=\/wp\/v2\/pages\/16","targetHints":{"allow":["GET"]}}],"collection":[{"href":"http:\/\/emilio-gonzalez.com\/index.php?rest_route=\/wp\/v2\/pages"}],"about":[{"href":"http:\/\/emilio-gonzalez.com\/index.php?rest_route=\/wp\/v2\/types\/page"}],"author":[{"embeddable":true,"href":"http:\/\/emilio-gonzalez.com\/index.php?rest_route=\/wp\/v2\/users\/1"}],"replies":[{"embeddable":true,"href":"http:\/\/emilio-gonzalez.com\/index.php?rest_route=%2Fwp%2Fv2%2Fcomments&post=16"}],"version-history":[{"count":44,"href":"http:\/\/emilio-gonzalez.com\/index.php?rest_route=\/wp\/v2\/pages\/16\/revisions"}],"predecessor-version":[{"id":740,"href":"http:\/\/emilio-gonzalez.com\/index.php?rest_route=\/wp\/v2\/pages\/16\/revisions\/740"}],"wp:attachment":[{"href":"http:\/\/emilio-gonzalez.com\/index.php?rest_route=%2Fwp%2Fv2%2Fmedia&parent=16"}],"curies":[{"name":"wp","href":"https:\/\/api.w.org\/{rel}","templated":true}]}}

<p>En la actualidad colabora en radio como guionista y cómico en varios programas de <strong>RNE y Radio Internacional. Director</strong> y guionista de los cortometrajes <strong>“Esto no es una comedia romántica y El resultado”</strong> Estos cortometrajes fueron finalistas en más de 30 festivales, entre lo que se encuentran Los premios <strong>Pavez, Festival de Tarazona o Fescigu.</strong> En el <strong>mundo de la música </strong>ha dirigido dos videoclips para el cantante de <strong>Operación Triunfo Mario Martínez</strong>. Ha trabajado como<strong> creativo publicitario</strong> en la empresa <strong>Markentingvivo,</strong> Guionista en varios proyectos televisivos. Creador y escritor de la serie de ficción <strong>“Postureo</strong>” dirigida por <strong>Catxo Lopez (Los ministerios del Tiempo, Malaka y Temporal) y producida por José Ángel Mañas (Historias del Kronen, Mensaka)</strong></p>



<p>Cortometraje: <b>ESTO NO ES UNA COMEDIA ROMÁNTICA</b> con<strong> Jon ARIAS Y Mariam TORRES. </strong></p>



<figure class="wp-block-embed-youtube wp-block-embed is-type-video is-provider-youtube wp-embed-aspect-16-9 wp-has-aspect-ratio"><div class="wp-block-embed__wrapper">
<iframe loading="lazy" title="Esto NO es una comedia Romántica." width="500" height="281" src="https://www.youtube.com/embed/5N1EcRuDGrM?feature=oembed" frameborder="0" allow="accelerometer; autoplay; clipboard-write; encrypted-media; gyroscope; picture-in-picture; web-share" referrerpolicy="strict-origin-when-cross-origin" allowfullscreen></iframe>
</div></figure>



<p>Cortometraje:<strong> EL RESULTADO</strong> con <strong>Mariam TORRES y Pedro GALLEGO.</strong></p>



<figure class="wp-block-embed-youtube wp-block-embed is-type-video is-provider-youtube wp-embed-aspect-16-9 wp-has-aspect-ratio"><div class="wp-block-embed__wrapper">
<iframe loading="lazy" title="EL RESULTADO" width="500" height="281" src="https://www.youtube.com/embed/72ja5uAwN8s?feature=oembed" frameborder="0" allow="accelerometer; autoplay; clipboard-write; encrypted-media; gyroscope; picture-in-picture; web-share" referrerpolicy="strict-origin-when-cross-origin" allowfullscreen></iframe>
</div></figure>



<p>Videoclip: <strong>NO SÉ QUÉ NECESITO. </strong>Mario Martínez.</p>



<figure class="wp-block-embed-youtube wp-block-embed is-type-video is-provider-youtube wp-embed-aspect-16-9 wp-has-aspect-ratio"><div class="wp-block-embed__wrapper">
<iframe loading="lazy" title="No sé qué necesito - Mario Martínez" width="500" height="281" src="https://www.youtube.com/embed/ngzcAMv5b0Q?feature=oembed" frameborder="0" allow="accelerometer; autoplay; clipboard-write; encrypted-media; gyroscope; picture-in-picture; web-share" referrerpolicy="strict-origin-when-cross-origin" allowfullscreen></iframe>
</div></figure>



<p>Videoclip: <strong>PARA ILUMINAR LA NOCHE.</strong> Mario Martínez. </p>



<figure class="wp-block-embed-youtube wp-block-embed is-type-video is-provider-youtube wp-embed-aspect-16-9 wp-has-aspect-ratio"><div class="wp-block-embed__wrapper">
<iframe loading="lazy" title="Para iluminar la noche - Mario Martínez (Video en Directo)" width="500" height="281" src="https://www.youtube.com/embed/pt6iGE467lc?feature=oembed" frameborder="0" allow="accelerometer; autoplay; clipboard-write; encrypted-media; gyroscope; picture-in-picture; web-share" referrerpolicy="strict-origin-when-cross-origin" allowfullscreen></iframe>
</div></figure>

<p>En la actualidad colabora en radio como guionista y cómico en varios programas de RNE y Radio Internacional. Director y guionista de los cortometrajes “Esto no es una comedia romántica y El resultado” Estos cortometrajes fueron finalistas en más de 30 festivales, entre lo que se encuentran Los premios Pavez, Festival de Tarazona o Fescigu. En el mundo de la música ha dirigido dos videoclips para el cantante de Operación Triunfo Mario Martínez. Ha trabajado como creativo publicitario en la empresa Markentingvivo, Guionista en varios proyectos televisivos. Creador y escritor de la serie de ficción “Postureo” dirigida por Catxo Lopez (Los ministerios del Tiempo, Malaka y Temporal) y producida por&#8230;</p>
