{"id":19,"date":"2013-05-02T11:37:30","date_gmt":"2013-05-02T11:37:30","guid":{"rendered":"http:\/\/emilio-gonzalez.com\/?page_id=19"},"modified":"2021-03-10T10:19:49","modified_gmt":"2021-03-10T10:19:49","slug":"presentador","status":"publish","type":"page","link":"http:\/\/emilio-gonzalez.com\/?page_id=19","title":{"rendered":"PRESENTADOR"},"content":{"rendered":"<p>He trabajado en<strong> televisi\u00f3n<\/strong> y \u00a0en<strong> radio<\/strong> \u00a0como <strong>Presentador y reportero c\u00f3mico <\/strong>en varios proyectos audiovisuales.<\/p>\r\n<p>Para el mundo de la empresa he<strong> presentado y dinamizado<\/strong> m\u00e1s 300 eventos de mediano y gran formato para marcas como:\u00a0<strong> Amazon,<\/strong> <strong>Vodafone, cofidis, Movistar, Ferrovial, Ifema. <\/strong>Siempre aportando a mis presentaciones un <strong>toque de humor.<\/strong> Adapt\u00e1ndome a los nuevos tiempos dise\u00f1ando especialmente un <strong>show<\/strong> para hacer <strong>online.\u00a0<\/strong><\/p>\r\n<div style=\"padding: 56.21% 0 0 0; position: relative;\"><iframe style=\"position: absolute; top: 0; left: 0; width: 100%; height: 100%;\" src=\"https:\/\/player.vimeo.com\/video\/521345708\" frameborder=\"0\" allowfullscreen=\"allowfullscreen\"><\/iframe><\/div>\r\n<p>&nbsp;<\/p>\r\n<p>Present\u00e9 junto a <strong>Ana Morgade<\/strong> el programa <strong>NO LO INTENTES EN CASA<\/strong>. Si lo ves te echaras unas risas seguro. Esto solo es un resumen (-;<\/p>\r\n<div class=\"youtube_sc \" style=\"width:480px;height:360px;\"><noscript><style type=\"text\/css\">.youtube_sc iframe.yp{display:none;}<\/style><object width=\"480\" height=\"360\" class=\"yp\" title=\"YouTube video player\"><param name=\"movie\" value=\"http:\/\/www.youtube.com\/v\/9KIGJrMQ-bk?version=3&amp;hl=en_US\"><param name=\"allowscriptaccess\" value=\"always\"><param name=\"wmode\" value=\"transparent\"><embed src=\"http:\/\/www.youtube.com\/v\/9KIGJrMQ-bk?version=3&amp;hl=en_US\" width=\"480\" height=\"360\" class=\"yp\" type=\"application\/x-shockwave-flash\" wmode=\"transparent\" allowscriptaccess=\"always\"><span style=\"display:block;margin-top:15px;\">The Adobe Flash Player is required for video playback.<br><a href=\"http:\/\/get.adobe.com\/flashplayer\/\" title=\"Install from Adobe\">Get the latest Flash Player<\/a> or <a href=\"http:\/\/www.youtube.com\/watch?v=9KIGJrMQ-bk\" target=\"_blank\" title=\"Watch on YouTube\">Watch this video on YouTube<\/a>.<\/span><\/object><\/noscript><iframe loading=\"lazy\" src=\"http:\/\/www.youtube.com\/embed\/9KIGJrMQ-bk?version=3&amp;wmode=transparent\" width=\"480\" height=\"360\" class=\"yp\" title=\"YouTube video player\" frameborder=\"0\" allowfullscreen><\/iframe><\/div>\r\n<p>&nbsp;<\/p>\r\n\r\n<p><strong>Los eventos no tienen porque ser aburridos<\/strong>. Siempre los presento dando toques de humor para hacerlos m\u00e1s din\u00e1micos. Aqu\u00ed una muestra. Evento realizado en el <strong>MINISTERIO DE SANIDAD.<\/strong><\/p>\r\n\r\n\r\n\r\n<figure class=\"wp-block-embed-youtube wp-block-embed is-type-video is-provider-youtube wp-embed-aspect-16-9 wp-has-aspect-ratio\">\r\n<div class=\"wp-block-embed__wrapper\">https:\/\/youtu.be\/v_gtFNu44ag<\/div>\r\n<\/figure>\r\n\r\n\r\n\r\n<p>Otro ejemplo de <strong>PRESENTACI\u00d3N DE EVENTO.<\/strong> Aqu\u00ed hice de follonero y qued\u00f3 muy divertido.<\/p>\r\n\r\n\r\n\r\n<figure class=\"wp-block-embed-youtube wp-block-embed is-type-video is-provider-youtube wp-embed-aspect-16-9 wp-has-aspect-ratio\">\r\n<div class=\"wp-block-embed__wrapper\">https:\/\/youtu.be\/eLTWBpE4-Hs<\/div>\r\n<\/figure>\r\n\r\n\r\n\r\n<p>En el \u00faltimo a\u00f1o he casado m\u00e1s de 25 parejas. Son bodas donde mezclo el humor y la emotividad. Me gusta personalizarlas al m\u00e1ximo y que ese momento sea inolvidable.<\/p>\r\n\r\n\r\n\r\n<figure class=\"wp-block-embed-youtube wp-block-embed is-type-video is-provider-youtube wp-embed-aspect-16-9 wp-has-aspect-ratio\">\r\n<div class=\"wp-block-embed__wrapper\">https:\/\/youtu.be\/LQUADqeaQpM<\/div>\r\n<\/figure>\r\n\r\n\r\n\r\n<p>Hace unos a\u00f1os aprovechando mi experiencia televisiva cree <strong>Reportero c\u00f3mico para bodas.<\/strong> Hacemos tu boda como si de un famoso se tratara. <strong>Originalidad y entretenimiento en tu Reportaje de bodas<\/strong>.<\/p>\r\n\r\n\r\n\r\n<figure class=\"wp-block-embed-youtube wp-block-embed is-type-video is-provider-youtube wp-embed-aspect-16-9 wp-has-aspect-ratio\">\r\n<div class=\"wp-block-embed__wrapper\">https:\/\/youtu.be\/koDxDrd90K8<\/div>\r\n<\/figure>\r\n\r\n\r\n\r\n<p>En radio estoy colaborando para <strong>Radio Nacional de Espa\u00f1a y Radio Internacional<\/strong>. Aqu\u00ed tres de muestras. De mis preferidas. Ya son m\u00e1s de 300 programas.<\/p>\r\n\r\n\r\n\r\n<figure class=\"wp-block-embed-youtube wp-block-embed is-type-video is-provider-youtube wp-embed-aspect-16-9 wp-has-aspect-ratio\">\r\n<div class=\"wp-block-embed__wrapper\">https:\/\/youtu.be\/soUzQx54nws<\/div>\r\n<\/figure>\r\n\r\n\r\n\r\n<figure class=\"wp-block-embed-youtube wp-block-embed is-type-video is-provider-youtube wp-embed-aspect-16-9 wp-has-aspect-ratio\">\r\n<div class=\"wp-block-embed__wrapper\">https:\/\/youtu.be\/Cokb00JCo_I<\/div>\r\n<\/figure>\r\n\r\n\r\n\r\n<figure class=\"wp-block-embed-youtube wp-block-embed is-type-video is-provider-youtube wp-embed-aspect-16-9 wp-has-aspect-ratio\">\r\n<div class=\"wp-block-embed__wrapper\">https:\/\/youtu.be\/m61krJNDeoQ<\/div>\r\n<\/figure>\r\n","protected":false},"excerpt":{"rendered":"<p>He trabajado en televisi\u00f3n y \u00a0en radio \u00a0como Presentador y reportero c\u00f3mico en varios proyectos audiovisuales. Para el mundo de la empresa he presentado y dinamizado m\u00e1s 300 eventos de mediano y gran formato para marcas como:\u00a0 Amazon, Vodafone, cofidis, Movistar, Ferrovial, Ifema. Siempre aportando a mis presentaciones un toque de humor. Adapt\u00e1ndome a los nuevos tiempos dise\u00f1ando especialmente un show para hacer online.\u00a0 &nbsp; Present\u00e9 junto a Ana Morgade el programa NO LO INTENTES EN CASA. Si lo ves te echaras unas risas seguro. Esto solo es un resumen (-; &nbsp; Los eventos no tienen porque ser aburridos. Siempre los presento dando toques de humor para hacerlos m\u00e1s din\u00e1micos&#8230;.<\/p>\n","protected":false},"author":1,"featured_media":0,"parent":0,"menu_order":0,"comment_status":"open","ping_status":"open","template":"","meta":{"footnotes":""},"class_list":["post-19","page","type-page","status-publish","hentry"],"_links":{"self":[{"href":"http:\/\/emilio-gonzalez.com\/index.php?rest_route=\/wp\/v2\/pages\/19","targetHints":{"allow":["GET"]}}],"collection":[{"href":"http:\/\/emilio-gonzalez.com\/index.php?rest_route=\/wp\/v2\/pages"}],"about":[{"href":"http:\/\/emilio-gonzalez.com\/index.php?rest_route=\/wp\/v2\/types\/page"}],"author":[{"embeddable":true,"href":"http:\/\/emilio-gonzalez.com\/index.php?rest_route=\/wp\/v2\/users\/1"}],"replies":[{"embeddable":true,"href":"http:\/\/emilio-gonzalez.com\/index.php?rest_route=%2Fwp%2Fv2%2Fcomments&post=19"}],"version-history":[{"count":26,"href":"http:\/\/emilio-gonzalez.com\/index.php?rest_route=\/wp\/v2\/pages\/19\/revisions"}],"predecessor-version":[{"id":1068,"href":"http:\/\/emilio-gonzalez.com\/index.php?rest_route=\/wp\/v2\/pages\/19\/revisions\/1068"}],"wp:attachment":[{"href":"http:\/\/emilio-gonzalez.com\/index.php?rest_route=%2Fwp%2Fv2%2Fmedia&parent=19"}],"curies":[{"name":"wp","href":"https:\/\/api.w.org\/{rel}","templated":true}]}}